?
14
Suppose -2*g - 2*a + 127 = 3*a, -3*g - 5*a = -188. What is the remainder when 497 is divided by g?
9
Calculate the remainder when 23 - 53/((-636)/96) is divided by 18.
13
Let b(g) = 212*g**2 - 793*g + 11. What is the remainder when 1181 is divided by b(4)?
26
Let x = -208 + 216. Let q = -19 + 31. Suppose x*t + 20 = q*t. What is the remainder when 11 is divided by t?
1
Let a(l) = 25*l - 1041. What is the remainder when 395 is divided by a(46)?
68
Let z(b) = b**3 + 4*b**2 - b - 2. Let y be ((-30)/30)/((1/1)/(-115)). Suppose -402 = -11*n + y. What is the remainder when n is divided by z(-2)?
7
Let i(s) = -63*s + 14. Let z be i(3). Calculate the remainder when 25/z - (-379)/7 is divided by 15.
9
What is the remainder when 279 is divided by -3*((-20)/3 + (-38)/(-19) + -1)?
7
Let m(w) = 16*w - w**2 - 8 + 3*w**2 + 10 + 4. Let f = 19 + -10. Calculate the remainder when m(-9) is divided by f.
6
Let f = 116 + -115. Suppose 267 = 5*k - 4*s, 0 = -4*k + 2*s + 3*s + 219. What is the remainder when k is divided by (-1 - 0 - (-2)/f)*27?
24
Suppose -9*w = -41*w + 1376. Calculate the remainder when 280 is divided by w.
22
Suppose 6953 = 22*t + 1431. Suppose -2*g + 309 = t. Calculate the remainder when g is divided by 6.
5
Suppose 5*b = q + 82 - 61, 41 = 5*b + 4*q. What is the remainder when 346 is divided by b?
1
Suppose u = 5*a + 42, 4*u - 114 = 2*a - 0*a. Let l be -2*1/8*-16. Suppose -l*j - 5*i = -36, 3*i + 50 = 5*j + 8*i. What is the remainder when u is divided by j?
13
Let d = -1690 - -934. Let z = -519 - d. Calculate the remainder when z is divided by 20.
17
Suppose 4*d = 12, 162 = 5*q + 2*d + 2*d. Suppose q = -2*t + 44. What is the remainder when 60 is divided by t?
4
Suppose -2*x - 6 = l, 7*x - 3*x + 14 = -l. Let z(g) = 4*g**3 - 3*g**2 - 5*g + 4. What is the remainder when 246 is divided by z(l)?
8
Let s be (0 + (-6)/(-10))*60/(-12). What is the remainder when (4 - (s - 5))/((-3)/(-16)) is divided by 7*3 - (-2)/2?
20
Suppose -5*l - 38 = -2*r + 6*r, 4 = l - 5*r. Let k(u) = u**3 - 3*u**2 - 3*u + 4. Calculate the remainder when l/21 + 2700/140 is divided by k(4).
3
Let d = -8817 - -8957. What is the remainder when d is divided by 75?
65
Let b(p) = -10*p - 10. Let j be b(-5). Suppose j = 2*v + 5*i, 0 = -4*i - 1 + 17. What is the remainder when (0 + 29)/(22/66) is divided by v?
7
Suppose b - 28 = 5*i, 260 = 5*b + i - 2*i. Suppose 28 = 4*u + 4*q, -3*q + 2*q = -4*u + b. What is the remainder when 130 is divided by u?
10
Let q = 261 + -259. Suppose -3*i + q*i + 757 = 3*h, -3*h = -5*i - 751. Calculate the remainder when h is divided by 32.
28
Suppose -8 = w - l, -8 = -4*l - 0. Suppose -6*d - 5*i = -4*d - 101, -4*d + 2*i + 238 = 0. Calculate the remainder when d is divided by ((-16)/w - -4)*3.
18
Let g(f) = -f**3 - 4*f**2 + 3*f + 10. Let a be g(-4). Calculate the remainder when 52 is divided by (65/(-13) + (-9)/a)*-60.
22
Suppose -191*f + 194*f - 9 = 0. Suppose 0 = -f*z + 82 - 52. Calculate the remainder when 28 is divided by z.
8
Let z = -9 - -14. Let t be 10/4*32/z. Let a = t - -16. Calculate the remainder when 63 is divided by a.
31
Let p(r) = 2*r**2 - 104*r + 16. Let s be p(46). What is the remainder when 247 is divided by (-42)/(-315) - s/30?
13
Let o be ((-104)/(-6))/(0 - (-4)/6). Calculate the remainder when o/(-169) - 1954/(-26) is divided by 17.
7
Suppose 10*a - 9*a - 9 = 0. Suppose 5*x = 464 + 6. What is the remainder when x is divided by 3*((-119)/(-24) - a/(-24))?
14
Suppose 4*i = 6*w - 2*w + 56, 5*i - 16 = -4*w. Calculate the remainder when 23 is divided by i.
7
Suppose 0 = 14*g - 1435 - 1169. What is the remainder when g is divided by 48?
42
Let b be 110*(-1)/(-2)*2. Suppose 0 = -4*s + 9*s - b. Suppose -6*v - 36 = 0, 4*o = 2*v + 30 + 14. Calculate the remainder when s is divided by o.
6
Suppose 432*y - 3772 = 386*y. What is the remainder when 2455 is divided by y?
77
Suppose 288 = -4*f + 304. What is the remainder when (-40)/(-6)*(-10 + 190/f) is divided by 6?
4
Suppose -222*o = -176*o - 5796. Calculate the remainder when 495 is divided by o.
117
Suppose 33*y + 13*y = 138. Suppose 18*s + y*s = 840. What is the remainder when 83 is divided by s?
3
Let z(b) = -2*b**3 + 23*b**2 - 30*b + 5. Let t be z(10). Suppose 3*j - t*i = 317, -i = -3*j + i + 314. What is the remainder when j is divided by 36?
32
Suppose 4*t - 5*t + 5 = 0. Suppose 0 = -z - 3*p + 7*p + 706, 2*z = -t*p + 1477. Calculate the remainder when z is divided by 7.
5
Let i(z) = 44*z + 7. Let r be i(1). Let w = 89 - r. Suppose 35*k + 30 = w*k. Calculate the remainder when 34 is divided by k.
4
Let x(t) = t**2 + 3*t - 4. Suppose 111 = 6*c + 837. Let g = -102 - c. What is the remainder when g is divided by x(-5)?
1
Let o(h) = 8*h**2 - 12*h - 2. Let x be o(-1). What is the remainder when 27 is divided by -1 + 3/(x/42)?
3
Let p be 9594/299 - (-2)/(-23). Let t = 83 - p. Calculate the remainder when 458 is divided by t.
50
Suppose -i = -5*n - 11 - 9, 0 = i - 2*n - 20. Calculate the remainder when 81 is divided by i + -5 + (-6 - -5).
11
Let j = -259 - -269. Suppose 20*q = j*q + 140. What is the remainder when 181 is divided by q?
13
Let b = 1 - 1. Let z = -9754 - -9761. Suppose -4*l + 119 = h, h - z*l + 2*l - 101 = b. What is the remainder when h is divided by 14?
13
Let f = 27 + 22. Suppose -5*b + f - 29 = 0. Calculate the remainder when 37 is divided by (-30)/b*46/(-69).
2
Let j be (15 + 517/(-33))*-6. Let z(f) = 3*f**2 + 3*f + 0*f**2 - 2*f**2 - 9. Calculate the remainder when z(j) is divided by 10.
9
Calculate the remainder when 83 is divided by 15/(-18) - 699/(-18).
7
Let t = -43849 + 43872. Suppose 0 = -4*x + 20, 6*k - 2*k + 316 = -4*x. Let o = k + 170. What is the remainder when o is divided by t?
17
Let d = 15577 + -15516. What is the remainder when 67 is divided by d?
6
Suppose -11*l + 3 = -338. What is the remainder when 1162 is divided by l?
15
Suppose -3279 = -14*u - 14717. Let q = 869 + u. What is the remainder when 61 is divided by q?
9
Let j = -3 + 186. Suppose -48 - j = -7*f. Calculate the remainder when f is divided by 32.
1
Suppose -d - 3*s - 9 = -2*d, 10 = -5*s. Suppose d = -2*n + 21. What is the remainder when 15 is divided by n?
6
Let u = 71 + 123. Calculate the remainder when u is divided by 117.
77
Let n = -114 - -315. Let p = n + -144. Suppose 0 = -5*y - 3*v + 99, -1 = -2*v - 5. Calculate the remainder when p is divided by y.
15
What is the remainder when -155 - -158 - 1*-221 is divided by 54?
8
Let l(d) = d**2 + 1. Let h be 30/(1 - -1) + 4. Let a(y) = y + 19. Calculate the remainder when a(h) is divided by l(3).
8
Let r = -118 + 120. Suppose -2*j - 12 = -2*o, -4*j + 3 = 3*o + r*o. Suppose -g + 3 = -0*g + h, 17 = o*g - h. What is the remainder when 11 is divided by g?
1
What is the remainder when 4643/7 + ((-2)/(-1))/(-15 - -8) is divided by 29?
25
Let a = -246 - -262. Calculate the remainder when 1181 is divided by a.
13
Let h = 98 - -21. Let o = h - 108. Suppose 8*l + 36 = o*l. What is the remainder when 35 is divided by l?
11
Suppose -2*t + 4*x - 2 = 0, -34*t - 5*x = -35*t - 16. Suppose m - 2 = 2*m. Calculate the remainder when (-168)/t*(m + 3/6) is divided by 6.
4
Let h = 102 - 92. Let a(v) = -8*v + 22 + v**3 - 14 - 11. Calculate the remainder when a(4) is divided by h.
9
Let n = -5000 - -5091. What is the remainder when 711 is divided by n?
74
Let m(h) = 2*h**2 + 240*h - 2001. Calculate the remainder when 188 is divided by m(-128).
0
Let p = -37737 - -37740. Let u = 32 + -16. Calculate the remainder when u is divided by p.
1
Let z(m) = m**3 + 17*m**2 - 42*m - 8. Let k be z(-19). Suppose 76*y - 224 = k*y. What is the remainder when 127 is divided by y?
15
Suppose 3*g + d + 10 = -d, -4*g + 4*d = 20. Let f(m) = -19*m - 52. Calculate the remainder when 231 is divided by f(g).
15
Suppose 0 = -3*k + 6, 4*t - t = k - 194. Let i = 84 + t. What is the remainder when 216 is divided by i?
16
Let d = 22956 + -22860. Calculate the remainder when 667 is divided by d.
91
Let x be 32/(3 + -1)*(-12)/(-24). Suppose -682 = -x*r + 126. Calculate the remainder when r is divided by 31.
8
Let z = -13099 - -13189. What is the remainder when 540 is divided by z?
0
Suppose 5*f - 56 = -9*f. Suppose -f*w = d - 83, -5*d - 2*w + 290 + 143 = 0. What is the remainder when d is divided by 10?
7
S